{"id":131,"date":"2023-07-31T12:46:30","date_gmt":"2023-07-31T12:46:30","guid":{"rendered":"https:\/\/fabrik.vamtam.com\/?page_id=131"},"modified":"2025-05-08T16:48:49","modified_gmt":"2025-05-08T16:48:49","slug":"outsourcing","status":"publish","type":"page","link":"https:\/\/benavideshernandez.cl\/index.php\/outsourcing\/","title":{"rendered":"outsourcing"},"content":{"rendered":"\t\t<div data-elementor-type=\"wp-page\" data-elementor-id=\"131\" class=\"elementor elementor-131\" data-elementor-post-type=\"page\">\n\t\t\t\t\t\t<section class=\"elementor-section elementor-top-section elementor-element elementor-element-e9dbe4f elementor-section-boxed elementor-section-height-default elementor-section-height-default\" data-id=\"e9dbe4f\" data-element_type=\"section\">\n\t\t\t\t\t\t<div class=\"elementor-container elementor-column-gap-no\">\n\t\t\t\t\t<div class=\"elementor-column elementor-col-33 elementor-top-column elementor-element elementor-element-09aea89\" data-id=\"09aea89\" data-element_type=\"column\">\n\t\t\t<div class=\"elementor-widget-wrap elementor-element-populated\">\n\t\t\t\t\t\t<div class=\"elementor-element elementor-element-d5bd0c6 elementor-widget elementor-widget-text-editor\" data-id=\"d5bd0c6\" data-element_type=\"widget\" data-widget_type=\"text-editor.default\">\n\t\t\t\t<div class=\"elementor-widget-container\">\n\t\t\t<style>\/*! elementor - v3.23.0 - 05-08-2024 *\/\n.elementor-widget-text-editor.elementor-drop-cap-view-stacked .elementor-drop-cap{background-color:#69727d;color:#fff}.elementor-widget-text-editor.elementor-drop-cap-view-framed .elementor-drop-cap{color:#69727d;border:3px solid;background-color:transparent}.elementor-widget-text-editor:not(.elementor-drop-cap-view-default) .elementor-drop-cap{margin-top:8px}.elementor-widget-text-editor:not(.elementor-drop-cap-view-default) .elementor-drop-cap-letter{width:1em;height:1em}.elementor-widget-text-editor .elementor-drop-cap{float:left;text-align:center;line-height:1;font-size:50px}.elementor-widget-text-editor .elementor-drop-cap-letter{display:inline-block}<\/style>\t\t\t\t<p>Subcontratacion operativa<\/p>\t\t\t\t\t\t<\/div>\n\t\t\t\t<\/div>\n\t\t\t\t\t<\/div>\n\t\t<\/div>\n\t\t\t\t<div class=\"elementor-column elementor-col-33 elementor-top-column elementor-element elementor-element-c188b03\" data-id=\"c188b03\" data-element_type=\"column\">\n\t\t\t<div class=\"elementor-widget-wrap\">\n\t\t\t\t\t\t\t<\/div>\n\t\t<\/div>\n\t\t\t\t<div class=\"elementor-column elementor-col-33 elementor-top-column elementor-element elementor-element-6ef398e\" data-id=\"6ef398e\" data-element_type=\"column\">\n\t\t\t<div class=\"elementor-widget-wrap\">\n\t\t\t\t\t\t\t<\/div>\n\t\t<\/div>\n\t\t\t\t\t<\/div>\n\t\t<\/section>\n\t\t\t\t<section class=\"elementor-section elementor-top-section elementor-element elementor-element-0f17b13 elementor-section-boxed elementor-section-height-default elementor-section-height-default\" data-id=\"0f17b13\" data-element_type=\"section\">\n\t\t\t\t\t\t<div class=\"elementor-container elementor-column-gap-no\">\n\t\t\t\t\t<div class=\"elementor-column elementor-col-33 elementor-top-column elementor-element elementor-element-9edd395\" data-id=\"9edd395\" data-element_type=\"column\">\n\t\t\t<div class=\"elementor-widget-wrap elementor-element-populated\">\n\t\t\t\t\t\t<div class=\"elementor-element elementor-element-6c1d21f elementor-invisible elementor-widget elementor-widget-heading\" data-id=\"6c1d21f\" data-element_type=\"widget\" data-settings=\"{&quot;_animation&quot;:&quot;fadeIn&quot;,&quot;_animation_tablet&quot;:&quot;none&quot;,&quot;_animation_delay&quot;:200}\" data-widget_type=\"heading.default\">\n\t\t\t\t<div class=\"elementor-widget-container\">\n\t\t\t<style>\/*! elementor - v3.23.0 - 05-08-2024 *\/\n.elementor-heading-title{padding:0;margin:0;line-height:1}.elementor-widget-heading .elementor-heading-title[class*=elementor-size-]>a{color:inherit;font-size:inherit;line-height:inherit}.elementor-widget-heading .elementor-heading-title.elementor-size-small{font-size:15px}.elementor-widget-heading .elementor-heading-title.elementor-size-medium{font-size:19px}.elementor-widget-heading .elementor-heading-title.elementor-size-large{font-size:29px}.elementor-widget-heading .elementor-heading-title.elementor-size-xl{font-size:39px}.elementor-widget-heading .elementor-heading-title.elementor-size-xxl{font-size:59px}<\/style><h3 class=\"elementor-heading-title elementor-size-default\">Servicio Outsourcing BH<\/h3>\t\t<\/div>\n\t\t\t\t<\/div>\n\t\t\t\t\t<\/div>\n\t\t<\/div>\n\t\t\t\t<div class=\"elementor-column elementor-col-33 elementor-top-column elementor-element elementor-element-dcb0d31\" data-id=\"dcb0d31\" data-element_type=\"column\">\n\t\t\t<div class=\"elementor-widget-wrap elementor-element-populated\">\n\t\t\t\t\t\t<div class=\"elementor-element elementor-element-015446f elementor-invisible elementor-widget elementor-widget-heading\" data-id=\"015446f\" data-element_type=\"widget\" data-settings=\"{&quot;_animation&quot;:&quot;fadeIn&quot;,&quot;_animation_tablet&quot;:&quot;none&quot;,&quot;_animation_delay&quot;:200}\" data-widget_type=\"heading.default\">\n\t\t\t\t<div class=\"elementor-widget-container\">\n\t\t\t<div class=\"elementor-heading-title elementor-size-default\">RRHH<\/div>\t\t<\/div>\n\t\t\t\t<\/div>\n\t\t\t\t<div class=\"elementor-element elementor-element-7c492bd elementor-widget elementor-widget-text-editor\" data-id=\"7c492bd\" data-element_type=\"widget\" data-widget_type=\"text-editor.default\">\n\t\t\t\t<div class=\"elementor-widget-container\">\n\t\t\t\t\t\t\t<p>gesti\u00f3n de personas<\/p>\t\t\t\t\t\t<\/div>\n\t\t\t\t<\/div>\n\t\t\t\t\t<\/div>\n\t\t<\/div>\n\t\t\t\t<div class=\"elementor-column elementor-col-33 elementor-top-column elementor-element elementor-element-f079bc0\" data-id=\"f079bc0\" data-element_type=\"column\">\n\t\t\t<div class=\"elementor-widget-wrap elementor-element-populated\">\n\t\t\t\t\t\t<div class=\"elementor-element elementor-element-0e69924 elementor-invisible elementor-widget elementor-widget-heading\" data-id=\"0e69924\" data-element_type=\"widget\" data-settings=\"{&quot;_animation&quot;:&quot;fadeIn&quot;,&quot;_animation_tablet&quot;:&quot;none&quot;,&quot;_animation_delay&quot;:200}\" data-widget_type=\"heading.default\">\n\t\t\t\t<div class=\"elementor-widget-container\">\n\t\t\t<h3 class=\"elementor-heading-title elementor-size-default\">Contabilidad<\/h3>\t\t<\/div>\n\t\t\t\t<\/div>\n\t\t\t\t<div class=\"elementor-element elementor-element-2680983 elementor-widget elementor-widget-text-editor\" data-id=\"2680983\" data-element_type=\"widget\" data-widget_type=\"text-editor.default\">\n\t\t\t\t<div class=\"elementor-widget-container\">\n\t\t\t\t\t\t\t<p>Auditoria y asesor\u00eda contable.<\/p>\t\t\t\t\t\t<\/div>\n\t\t\t\t<\/div>\n\t\t\t\t\t<\/div>\n\t\t<\/div>\n\t\t\t\t\t<\/div>\n\t\t<\/section>\n\t\t\t\t<section class=\"elementor-section elementor-top-section elementor-element elementor-element-43ced3f elementor-section-boxed elementor-section-height-default elementor-section-height-default\" data-id=\"43ced3f\" data-element_type=\"section\">\n\t\t\t\t\t\t<div class=\"elementor-container elementor-column-gap-no\">\n\t\t\t\t\t<div class=\"elementor-column elementor-col-50 elementor-top-column elementor-element elementor-element-8665582\" data-id=\"8665582\" data-element_type=\"column\" data-settings=\"{&quot;background_background&quot;:&quot;classic&quot;,&quot;background_motion_fx_motion_fx_scrolling&quot;:&quot;yes&quot;,&quot;background_motion_fx_scale_effect&quot;:&quot;yes&quot;,&quot;background_motion_fx_scale_speed&quot;:{&quot;unit&quot;:&quot;px&quot;,&quot;size&quot;:2,&quot;sizes&quot;:[]},&quot;background_motion_fx_devices&quot;:[&quot;desktop&quot;],&quot;background_motion_fx_scale_direction&quot;:&quot;out-in&quot;,&quot;background_motion_fx_scale_range&quot;:{&quot;unit&quot;:&quot;%&quot;,&quot;size&quot;:&quot;&quot;,&quot;sizes&quot;:{&quot;start&quot;:20,&quot;end&quot;:80}}}\">\n\t\t\t<div class=\"elementor-widget-wrap elementor-element-populated\">\n\t\t\t\t\t\t<div class=\"elementor-element elementor-element-bf94b0f elementor-widget elementor-widget-spacer\" data-id=\"bf94b0f\" data-element_type=\"widget\" data-widget_type=\"spacer.default\">\n\t\t\t\t<div class=\"elementor-widget-container\">\n\t\t\t<style>\/*! elementor - v3.23.0 - 05-08-2024 *\/\n.elementor-column .elementor-spacer-inner{height:var(--spacer-size)}.e-con{--container-widget-width:100%}.e-con-inner>.elementor-widget-spacer,.e-con>.elementor-widget-spacer{width:var(--container-widget-width,var(--spacer-size));--align-self:var(--container-widget-align-self,initial);--flex-shrink:0}.e-con-inner>.elementor-widget-spacer>.elementor-widget-container,.e-con>.elementor-widget-spacer>.elementor-widget-container{height:100%;width:100%}.e-con-inner>.elementor-widget-spacer>.elementor-widget-container>.elementor-spacer,.e-con>.elementor-widget-spacer>.elementor-widget-container>.elementor-spacer{height:100%}.e-con-inner>.elementor-widget-spacer>.elementor-widget-container>.elementor-spacer>.elementor-spacer-inner,.e-con>.elementor-widget-spacer>.elementor-widget-container>.elementor-spacer>.elementor-spacer-inner{height:var(--container-widget-height,var(--spacer-size))}.e-con-inner>.elementor-widget-spacer.elementor-widget-empty,.e-con>.elementor-widget-spacer.elementor-widget-empty{position:relative;min-height:22px;min-width:22px}.e-con-inner>.elementor-widget-spacer.elementor-widget-empty .elementor-widget-empty-icon,.e-con>.elementor-widget-spacer.elementor-widget-empty .elementor-widget-empty-icon{position:absolute;top:0;bottom:0;left:0;right:0;margin:auto;padding:0;width:22px;height:22px}<\/style>\t\t<div class=\"elementor-spacer\">\n\t\t\t<div class=\"elementor-spacer-inner\"><\/div>\n\t\t<\/div>\n\t\t\t\t<\/div>\n\t\t\t\t<\/div>\n\t\t\t\t\t<\/div>\n\t\t<\/div>\n\t\t\t\t<div class=\"elementor-column elementor-col-50 elementor-top-column elementor-element elementor-element-da6325c\" data-id=\"da6325c\" data-element_type=\"column\" data-settings=\"{&quot;background_background&quot;:&quot;classic&quot;}\">\n\t\t\t<div class=\"elementor-widget-wrap elementor-element-populated\">\n\t\t\t\t\t\t<section class=\"elementor-section elementor-inner-section elementor-element elementor-element-098c34d elementor-section-full_width elementor-section-height-default elementor-section-height-default\" data-id=\"098c34d\" data-element_type=\"section\">\n\t\t\t\t\t\t<div class=\"elementor-container elementor-column-gap-no\">\n\t\t\t\t\t<div class=\"elementor-column elementor-col-100 elementor-inner-column elementor-element elementor-element-ddf2c61\" data-id=\"ddf2c61\" data-element_type=\"column\">\n\t\t\t<div class=\"elementor-widget-wrap elementor-element-populated\">\n\t\t\t\t\t\t<div class=\"elementor-element elementor-element-dbdb534 elementor-widget elementor-widget-heading\" data-id=\"dbdb534\" data-element_type=\"widget\" data-widget_type=\"heading.default\">\n\t\t\t\t<div class=\"elementor-widget-container\">\n\t\t\t<h2 class=\"elementor-heading-title elementor-size-default\">Gesti\u00f3n de personas<\/h2>\t\t<\/div>\n\t\t\t\t<\/div>\n\t\t\t\t<div class=\"elementor-element elementor-element-8a2d31e elementor-widget elementor-widget-text-editor\" data-id=\"8a2d31e\" data-element_type=\"widget\" data-widget_type=\"text-editor.default\">\n\t\t\t\t<div class=\"elementor-widget-container\">\n\t\t\t\t\t\t\t<p>Desde la contrataci\u00f3n hasta la motivaci\u00f3n: estructuramos y gestionamos todo el ciclo de vida del trabajador.<\/p><h4><span style=\"color: #ffffff;\"><strong>Beneficios\u00a0<\/strong><\/span><\/h4><ul data-start=\"1824\" data-end=\"2101\"><li data-start=\"1824\" data-end=\"1866\"><p data-start=\"1826\" data-end=\"1866\">Profesionalizaci\u00f3n de tus \u00e1reas clave.<\/p><\/li><li data-start=\"1867\" data-end=\"1937\"><p data-start=\"1869\" data-end=\"1937\">Establecimiento o fortalecimiento de tu Departamento Legal y RRHH.<\/p><\/li><li data-start=\"1938\" data-end=\"1982\"><p data-start=\"1940\" data-end=\"1982\">Unificaci\u00f3n documental y comunicacional.<\/p><\/li><li data-start=\"1983\" data-end=\"2033\"><p data-start=\"1985\" data-end=\"2033\">Evaluaci\u00f3n de proyectos con matriz de riesgos.<\/p><\/li><li data-start=\"2034\" data-end=\"2101\"><p data-start=\"2036\" data-end=\"2101\">Mejora del clima laboral, productividad y comunicaci\u00f3n interna.<\/p><\/li><\/ul>\t\t\t\t\t\t<\/div>\n\t\t\t\t<\/div>\n\t\t\t\t\t<\/div>\n\t\t<\/div>\n\t\t\t\t\t<\/div>\n\t\t<\/section>\n\t\t\t\t\t<\/div>\n\t\t<\/div>\n\t\t\t\t\t<\/div>\n\t\t<\/section>\n\t\t\t\t<section class=\"elementor-section elementor-top-section elementor-element elementor-element-c1dc9b6 elementor-section-boxed elementor-section-height-default elementor-section-height-default\" data-id=\"c1dc9b6\" data-element_type=\"section\">\n\t\t\t\t\t\t<div class=\"elementor-container elementor-column-gap-no\">\n\t\t\t\t\t<div class=\"elementor-column elementor-col-100 elementor-top-column elementor-element elementor-element-1e9cc4b\" data-id=\"1e9cc4b\" data-element_type=\"column\">\n\t\t\t<div class=\"elementor-widget-wrap elementor-element-populated\">\n\t\t\t\t\t\t<div class=\"elementor-element elementor-element-b1098ed elementor-widget elementor-widget-heading\" data-id=\"b1098ed\" data-element_type=\"widget\" data-widget_type=\"heading.default\">\n\t\t\t\t<div class=\"elementor-widget-container\">\n\t\t\t<h3 class=\"elementor-heading-title elementor-size-default\">Nuestros servicios<\/h3>\t\t<\/div>\n\t\t\t\t<\/div>\n\t\t\t\t<div class=\"elementor-element elementor-element-1304512 elementor-widget elementor-widget-toggle\" data-id=\"1304512\" data-element_type=\"widget\" data-widget_type=\"toggle.default\">\n\t\t\t\t<div class=\"elementor-widget-container\">\n\t\t\t<style>\/*! elementor - v3.23.0 - 05-08-2024 *\/\n.elementor-toggle{text-align:start}.elementor-toggle .elementor-tab-title{font-weight:700;line-height:1;margin:0;padding:15px;border-bottom:1px solid #d5d8dc;cursor:pointer;outline:none}.elementor-toggle .elementor-tab-title .elementor-toggle-icon{display:inline-block;width:1em}.elementor-toggle .elementor-tab-title .elementor-toggle-icon svg{margin-inline-start:-5px;width:1em;height:1em}.elementor-toggle .elementor-tab-title .elementor-toggle-icon.elementor-toggle-icon-right{float:right;text-align:right}.elementor-toggle .elementor-tab-title .elementor-toggle-icon.elementor-toggle-icon-left{float:left;text-align:left}.elementor-toggle .elementor-tab-title .elementor-toggle-icon .elementor-toggle-icon-closed{display:block}.elementor-toggle .elementor-tab-title .elementor-toggle-icon .elementor-toggle-icon-opened{display:none}.elementor-toggle .elementor-tab-title.elementor-active{border-bottom:none}.elementor-toggle .elementor-tab-title.elementor-active .elementor-toggle-icon-closed{display:none}.elementor-toggle .elementor-tab-title.elementor-active .elementor-toggle-icon-opened{display:block}.elementor-toggle .elementor-tab-content{padding:15px;border-bottom:1px solid #d5d8dc;display:none}@media (max-width:767px){.elementor-toggle .elementor-tab-title{padding:12px}.elementor-toggle .elementor-tab-content{padding:12px 10px}}.e-con-inner>.elementor-widget-toggle,.e-con>.elementor-widget-toggle{width:var(--container-widget-width);--flex-grow:var(--container-widget-flex-grow)}<\/style>\t\t<div class=\"elementor-toggle\">\n\t\t\t\t\t\t\t<div class=\"elementor-toggle-item\">\n\t\t\t\t\t<div id=\"elementor-tab-title-1991\" class=\"elementor-tab-title\" data-tab=\"1\" role=\"button\" aria-controls=\"elementor-tab-content-1991\" aria-expanded=\"false\">\n\t\t\t\t\t\t\t\t\t\t\t\t<span class=\"elementor-toggle-icon elementor-toggle-icon-left\" aria-hidden=\"true\">\n\t\t\t\t\t\t\t\t\t\t\t\t\t\t\t<span class=\"elementor-toggle-icon-closed\"><i class=\"far fa-caret-square-down\"><\/i><\/span>\n\t\t\t\t\t\t\t\t<span class=\"elementor-toggle-icon-opened\"><i class=\"elementor-toggle-icon-opened fas fa-caret-up\"><\/i><\/span>\n\t\t\t\t\t\t\t\t\t\t\t\t\t<\/span>\n\t\t\t\t\t\t\t\t\t\t\t\t<a class=\"elementor-toggle-title\" tabindex=\"0\">En que te ayudaremos<\/a>\n\t\t\t\t\t<\/div>\n\n\t\t\t\t\t<div id=\"elementor-tab-content-1991\" class=\"elementor-tab-content elementor-clearfix\" data-tab=\"1\" role=\"region\" aria-labelledby=\"elementor-tab-title-1991\"><p style=\"text-align: left;\" data-start=\"298\" data-end=\"676\">En Benavides &amp; Hern\u00e1ndez entendemos que un \u00e1rea de Recursos Humanos s\u00f3lida y estrat\u00e9gica puede marcar la diferencia entre una empresa promedio y una altamente competitiva. Seleccionar, contratar, capacitar, motivar y retribuir correctamente al equipo humano no solo fortalece la operaci\u00f3n diaria, sino que asegura el crecimiento y la sostenibilidad a largo plazo de tu compa\u00f1\u00eda.<\/p><p style=\"text-align: left;\" data-start=\"678\" data-end=\"908\">Por eso, ofrecemos un servicio integral de <strong data-start=\"721\" data-end=\"756\">outsourcing en Recursos Humanos<\/strong>, orientado a estructurar, organizar y profesionalizar esta \u00e1rea cr\u00edtica, aline\u00e1ndola con los objetivos estrat\u00e9gicos de tu empresa y su misi\u00f3n y visi\u00f3n.<\/p><p style=\"text-align: left;\" data-start=\"910\" data-end=\"1179\">Nuestro primer paso es realizar un <strong data-start=\"945\" data-end=\"985\">levantamiento de la situaci\u00f3n actual<\/strong>, identificando oportunidades de mejora, necesidades espec\u00edficas y \u00e1reas de innovaci\u00f3n. A partir de este diagn\u00f3stico, desarrollamos e implementamos un plan estrat\u00e9gico a la medida de tu negocio.<\/p><\/div>\n\t\t\t\t<\/div>\n\t\t\t\t\t\t\t<div class=\"elementor-toggle-item\">\n\t\t\t\t\t<div id=\"elementor-tab-title-1992\" class=\"elementor-tab-title\" data-tab=\"2\" role=\"button\" aria-controls=\"elementor-tab-content-1992\" aria-expanded=\"false\">\n\t\t\t\t\t\t\t\t\t\t\t\t<span class=\"elementor-toggle-icon elementor-toggle-icon-left\" aria-hidden=\"true\">\n\t\t\t\t\t\t\t\t\t\t\t\t\t\t\t<span class=\"elementor-toggle-icon-closed\"><i class=\"far fa-caret-square-down\"><\/i><\/span>\n\t\t\t\t\t\t\t\t<span class=\"elementor-toggle-icon-opened\"><i class=\"elementor-toggle-icon-opened fas fa-caret-up\"><\/i><\/span>\n\t\t\t\t\t\t\t\t\t\t\t\t\t<\/span>\n\t\t\t\t\t\t\t\t\t\t\t\t<a class=\"elementor-toggle-title\" tabindex=\"0\">Nuestros servicios<\/a>\n\t\t\t\t\t<\/div>\n\n\t\t\t\t\t<div id=\"elementor-tab-content-1992\" class=\"elementor-tab-content elementor-clearfix\" data-tab=\"2\" role=\"region\" aria-labelledby=\"elementor-tab-title-1992\"><p data-start=\"910\" data-end=\"1179\">\u00a0<\/p><ul data-start=\"1215\" data-end=\"2231\"><li data-start=\"1215\" data-end=\"1277\"><p data-start=\"1217\" data-end=\"1277\">Dise\u00f1o y actualizaci\u00f3n del <strong data-start=\"1244\" data-end=\"1274\">organigrama organizacional<\/strong>.<\/p><\/li><li data-start=\"1278\" data-end=\"1344\"><p data-start=\"1280\" data-end=\"1344\">Definici\u00f3n de <strong data-start=\"1294\" data-end=\"1341\">cargos, funciones y descripciones de puesto<\/strong>.<\/p><\/li><li data-start=\"1345\" data-end=\"1442\"><p data-start=\"1347\" data-end=\"1442\">Establecimiento de procedimientos de <strong data-start=\"1384\" data-end=\"1439\">reclutamiento, selecci\u00f3n y contrataci\u00f3n de personal<\/strong>.<\/p><\/li><li data-start=\"1443\" data-end=\"1520\"><p data-start=\"1445\" data-end=\"1520\">Creaci\u00f3n de <strong data-start=\"1457\" data-end=\"1486\">pol\u00edticas de remuneraci\u00f3n<\/strong>, incluyendo escalas salariales.<\/p><\/li><li data-start=\"1521\" data-end=\"1598\"><p data-start=\"1523\" data-end=\"1598\">Definici\u00f3n de procesos de <strong data-start=\"1549\" data-end=\"1595\">ascenso, promoci\u00f3n y sistema de incentivos<\/strong>.<\/p><\/li><li data-start=\"1599\" data-end=\"1686\"><p data-start=\"1601\" data-end=\"1686\">Implementaci\u00f3n de sistemas para el <strong data-start=\"1636\" data-end=\"1683\">control de asistencia, turnos y horas extra<\/strong>.<\/p><\/li><li data-start=\"1687\" data-end=\"1797\"><p data-start=\"1689\" data-end=\"1797\">Gesti\u00f3n de <strong data-start=\"1700\" data-end=\"1747\">permisos, vacaciones y beneficios laborales<\/strong> (d\u00eda libre, pr\u00e9stamos, convenios, entre otros).<\/p><\/li><li data-start=\"1798\" data-end=\"1855\"><p data-start=\"1800\" data-end=\"1855\">Planes de <strong data-start=\"1810\" data-end=\"1852\">motivaci\u00f3n y desarrollo organizacional<\/strong>.<\/p><\/li><li data-start=\"1856\" data-end=\"1908\"><p data-start=\"1858\" data-end=\"1908\"><strong data-start=\"1858\" data-end=\"1905\">Comunicaci\u00f3n interna estrat\u00e9gica y efectiva<\/strong>.<\/p><\/li><li data-start=\"1909\" data-end=\"2057\"><p data-start=\"1911\" data-end=\"2057\">Protocolos de <strong data-start=\"1925\" data-end=\"1953\">resoluci\u00f3n de conflictos<\/strong> y habilitaci\u00f3n de canales formales para denuncias de acoso laboral, sexual o violencia en el trabajo.<\/p><\/li><li data-start=\"2058\" data-end=\"2142\"><p data-start=\"2060\" data-end=\"2142\">Coordinaci\u00f3n con el \u00e1rea de prevenci\u00f3n para la gesti\u00f3n de <strong data-start=\"2118\" data-end=\"2139\">riesgos laborales<\/strong>.<\/p><\/li><li data-start=\"2143\" data-end=\"2231\"><p data-start=\"2145\" data-end=\"2231\">Implementaci\u00f3n y actualizaci\u00f3n de <strong data-start=\"2179\" data-end=\"2214\">comit\u00e9s paritarios y bipartitos<\/strong>, si corresponde.<\/p><\/li><\/ul><\/div>\n\t\t\t\t<\/div>\n\t\t\t\t\t\t\t\t<\/div>\n\t\t\t\t<\/div>\n\t\t\t\t<\/div>\n\t\t\t\t\t<\/div>\n\t\t<\/div>\n\t\t\t\t\t<\/div>\n\t\t<\/section>\n\t\t\t\t<\/div>\n\t\t","protected":false},"excerpt":{"rendered":"<p>Outsourcing Operativo<\/p>\n","protected":false},"author":1,"featured_media":987988,"parent":0,"menu_order":0,"comment_status":"closed","ping_status":"closed","template":"","meta":{"footnotes":""},"class_list":["post-131","page","type-page","status-publish","has-post-thumbnail","hentry"],"_links":{"self":[{"href":"https:\/\/benavideshernandez.cl\/index.php\/wp-json\/wp\/v2\/pages\/131","targetHints":{"allow":["GET"]}}],"collection":[{"href":"https:\/\/benavideshernandez.cl\/index.php\/wp-json\/wp\/v2\/pages"}],"about":[{"href":"https:\/\/benavideshernandez.cl\/index.php\/wp-json\/wp\/v2\/types\/page"}],"author":[{"embeddable":true,"href":"https:\/\/benavideshernandez.cl\/index.php\/wp-json\/wp\/v2\/users\/1"}],"replies":[{"embeddable":true,"href":"https:\/\/benavideshernandez.cl\/index.php\/wp-json\/wp\/v2\/comments?post=131"}],"version-history":[{"count":23,"href":"https:\/\/benavideshernandez.cl\/index.php\/wp-json\/wp\/v2\/pages\/131\/revisions"}],"predecessor-version":[{"id":988057,"href":"https:\/\/benavideshernandez.cl\/index.php\/wp-json\/wp\/v2\/pages\/131\/revisions\/988057"}],"wp:featuredmedia":[{"embeddable":true,"href":"https:\/\/benavideshernandez.cl\/index.php\/wp-json\/wp\/v2\/media\/987988"}],"wp:attachment":[{"href":"https:\/\/benavideshernandez.cl\/index.php\/wp-json\/wp\/v2\/media?parent=131"}],"curies":[{"name":"wp","href":"https:\/\/api.w.org\/{rel}","templated":true}]}}